{"id":321,"date":"2023-05-17T22:13:47","date_gmt":"2023-05-17T22:13:47","guid":{"rendered":"https:\/\/opasrache.de\/?page_id=321"},"modified":"2023-05-20T08:25:41","modified_gmt":"2023-05-20T06:25:41","slug":"unser-repertoire","status":"publish","type":"page","link":"https:\/\/opasrache.de\/?page_id=321","title":{"rendered":"Unser Repertoire"},"content":{"rendered":"\n<h3 class=\"wp-block-heading\">Unser politisches Repertoire<\/h3>\n\n\n\n<p>unvollst\u00e4ndig, beispielhaft, offen, st\u00e4ndiger \u00dcberarbeitung unterworfen, <br>enth\u00e4lt neben einigen selbstverfassten Liedern auch Lieder aus Italien, T\u00fcrkei \/ Kurdistan, Chile, Kuba, Songs von Hannes Wader, den Schmetterlingen, Georg Kreisler, Ry Cooder, The Men They Couldn&#8217;t Hang, Jose Afonso, auch Texte &#8211; vertont oder auch nicht &#8211;  von Bertold Brecht, Ferdinand Freiligrath, Erich M\u00fchsam, Theodor Kramer, Heinrich Heine, Kurt Tucholsky etc.<\/p>\n\n\n\n<h3 class=\"wp-block-heading\">Unser Unterhaltungs-Repertoire<\/h3>\n\n\n\n<p>was ist durchaus nicht immer unpolitisch und ebenfalls in st\u00e4ndigem Wandel, teils auch ins Deutsche \u00fcbersetzt, auch mal auf die F\u00fc\u00dfe gestellt, mit Songs von<\/p>\n\n\n\n<p>Creedence Clearwater Revival &#8211; The Clash &#8211; Taj Mahal &#8211; Andre Heller &#8211; Black &#8211; Bob Dylan &#8211; Kinks &#8211; Small Faces &#8211; Neil Young &#8211; Chumbawamba &#8211; Chuck Berry &#8211; Brecht\/Weill &#8211; Warren Zevon &#8211; Z Z Top &#8211; Ton Steine Scherben &#8211; Yardbirds &#8211; Willy de Ville &#8211; Metallica &#8211; Everly Brothers &#8211; Bruce Springsteen &#8211; Rolling Stones &#8211; John Lennon &#8211; Jerry Lee Lewis &#8211; Animals und so weiter.<\/p>\n\n\n\n<p>Momentan arbeiten wir daran, eine Mischung der beiden Str\u00e4nge zu erreichen &#8211; mal sehen. <\/p>\n","protected":false},"excerpt":{"rendered":"<p>Unser politisches Repertoire unvollst\u00e4ndig, beispielhaft, offen, st\u00e4ndiger \u00dcberarbeitung unterworfen, enth\u00e4lt neben einigen selbstverfassten Liedern auch Lieder aus Italien, T\u00fcrkei \/ Kurdistan, Chile, Kuba, Songs von Hannes Wader, den Schmetterlingen, Georg Kreisler, Ry Cooder, The Men They Couldn&#8217;t Hang, Jose Afonso, auch Texte &#8211; vertont oder auch nicht &#8211; von Bertold&#8230;<\/p>\n<p class=\"continue-reading-button\"> <a class=\"continue-reading-link\" href=\"https:\/\/opasrache.de\/?page_id=321\">Continue reading<i class=\"crycon-right-dir\"><\/i><\/a><\/p>\n","protected":false},"author":2,"featured_media":0,"parent":0,"menu_order":0,"comment_status":"closed","ping_status":"closed","template":"","meta":{"_monsterinsights_skip_tracking":false,"_monsterinsights_sitenote_active":false,"_monsterinsights_sitenote_note":"","_monsterinsights_sitenote_category":0,"footnotes":""},"class_list":["post-321","page","type-page","status-publish","hentry"],"aioseo_notices":[],"_links":{"self":[{"href":"https:\/\/opasrache.de\/index.php?rest_route=\/wp\/v2\/pages\/321","targetHints":{"allow":["GET"]}}],"collection":[{"href":"https:\/\/opasrache.de\/index.php?rest_route=\/wp\/v2\/pages"}],"about":[{"href":"https:\/\/opasrache.de\/index.php?rest_route=\/wp\/v2\/types\/page"}],"author":[{"embeddable":true,"href":"https:\/\/opasrache.de\/index.php?rest_route=\/wp\/v2\/users\/2"}],"replies":[{"embeddable":true,"href":"https:\/\/opasrache.de\/index.php?rest_route=%2Fwp%2Fv2%2Fcomments&post=321"}],"version-history":[{"count":3,"href":"https:\/\/opasrache.de\/index.php?rest_route=\/wp\/v2\/pages\/321\/revisions"}],"predecessor-version":[{"id":410,"href":"https:\/\/opasrache.de\/index.php?rest_route=\/wp\/v2\/pages\/321\/revisions\/410"}],"wp:attachment":[{"href":"https:\/\/opasrache.de\/index.php?rest_route=%2Fwp%2Fv2%2Fmedia&parent=321"}],"curies":[{"name":"wp","href":"https:\/\/api.w.org\/{rel}","templated":true}]}}